hat is the ten thousands digit of t(19)?
4
Suppose 562 = -5*z - 2*v, 2*z - 5*v = 6*z + 436. Let o = z + 399. What is the hundreds digit of o?
2
Let j = -163 + 145. Let s = -14 + 41. What is the tens digit of 70/3 - j/s?
2
Let f = -1788 + 2547. Let z = 1526 - f. What is the hundreds digit of z?
7
Suppose -4*z = -18 + 70. Let h = z - -33. What is the units digit of 6*2/(h/95)?
7
Let c(j) = -9*j**3 - 9*j**2 - 3*j - 26. Let b be c(-9). Suppose 3*r + 1022 - 6841 = -5*p, 4*r + b = 5*p. What is the units digit of p?
5
Suppose -32*d + 5*c = -34*d + 55688, -5*c = d - 27844. What is the thousands digit of d?
7
Let r be (15 - -5)*(1 + 10 + -2). Suppose z - r = -5*n, -6*z + 924 = -z + n. Suppose 299 = 5*c + 3*t, z = 3*c + 2*t + 5. What is the units digit of c?
8
What is the hundreds digit of -34 + 35068 + (-8 - 2)?
0
Suppose -41*v = 16 - 16. Suppose -6*w + v*w = -9564. What is the thousands digit of w?
1
Let h(p) = 6*p**3 - 11*p**2 + 3*p + 2. Let v(d) = d**3 - d**2 - d + 1. Let c(a) = h(a) - 5*v(a). Let b be c(4). What is the units digit of 4/(12/75) + (-3)/b?
6
Let t = 56 + -50. Suppose t*l + 2*a = 2*l - 392, -87 = l - 5*a. Let m = l + 148. What is the units digit of m?
1
Let h(c) = 2*c + 20. Let t be h(0). Let m be 0*(2 + t/(-8)). Suppose m*i - 2*i + 260 = p, -5*i + 656 = 4*p. What is the tens digit of i?
2
Let x(s) = -79*s**2 - 27*s**3 + 76*s**2 + 34*s**3 - 3 + 6*s. What is the hundreds digit of x(3)?
1
Suppose -65*r - 1111707 + 3112760 = -3831592. What is the units digit of r?
3
Let m be (2 - -18)*6/10*-2. What is the thousands digit of (-35505)/(-24) - (-13)/(832/m)?
1
Suppose 555*p + 4244804 = 28445579. What is the hundreds digit of p?
6
Let j be 6/24 - 6/(-8). Let c be (2/j)/(36/90). Suppose 3*v + 4*d - 49 = -17, 5*v - c*d = -5. What is the units digit of v?
4
Let a = 69705 + -27228. What is the tens digit of a?
7
Suppose 6*g + 0*g + 6 = 0. Let r be 2/(-1) - g*110. Suppose 3*s + 6*s - r = 0. What is the units digit of s?
2
Suppose 2 + 2 = v. Suppose v*a + 16 = 2*u, 3*a + 0 = u - 8. What is the hundreds digit of (-2 - u/(-2))/(3/156)?
1
Suppose 6514 = 5*y - 6*y. Let j be (2 - 0)*(y - (2 + -2)). What is the tens digit of 2/(-21) - j/84?
5
Suppose -2*n - 688 = -2*c + 42, 4*n = 5*c - 1825. Let k = 799 - c. What is the hundreds digit of k?
4
Suppose 20*z - 16*z - 96 = 0. Suppose 0 = 4*j + 5*n - 3598, 5*j = z*n - 23*n + 4512. What is the hundreds digit of j?
9
Let m = -50026 - -70859. What is the thousands digit of m?
0
Let i(k) = 187*k**2 + 1022*k - 54. What is the units digit of i(-16)?
6
What is the hundreds digit of (32/8 - -735) + 0/4?
7
Suppose 0*m - 2*m + 253 = -p, 2*p - 3*m = -503. Let h = p + 408. What is the hundreds digit of h?
1
Suppose -5*y = -2*l + 1435 - 4921, 0 = 4*l - 8. What is the tens digit of y?
9
Let v(z) = -4*z + 9. Let g(p) = p**3 - 9*p**2 - 12*p + 6. Let x be g(10). Let q be v(x). Let d = q + -51. What is the units digit of d?
4
Suppose 3*c = -6*c - 27. Let q(v) = -15*v**2 - 4*v - 12. Let r(y) = y**2 - y + 1. Let j(b) = -q(b) - 3*r(b). What is the units digit of j(c)?
6
What is the units digit of (-110)/(-22 + 11) - -4468?
8
Let c(n) be the second derivative of n**5/20 + n**4/2 - 7*n**3/6 - 17*n**2/2 + 2*n + 192. Let l(o) = 4*o + 2. Let z be l(-2). What is the tens digit of c(z)?
2
Let a(j) = 22*j + 224. Let m be a(-10). Suppose 4*k - 606 = -4*z + 610, -m*k = z - 1231. What is the units digit of k?
9
Let o(g) be the third derivative of -10/3*g**3 + 0*g + 21*g**2 + 1/30*g**5 + 0 - 5/24*g**4. What is the tens digit of o(-4)?
3
Suppose 5*b = 5*h - 223155, -3*b + 111860 = 3*h - 22009. What is the thousands digit of h?
4
Let c = 9532 - -12514. What is the ten thousands digit of c?
2
Suppose -n + 32660 = 2*r, -2*r - 467*n + 32668 = -464*n. What is the units digit of r?
8
Let v = 36320 - -530. What is the hundreds digit of v?
8
Suppose -34 = -s + 5*m, 105 - 19 = 2*s - m. Suppose -50*y = -s*y - 522. What is the units digit of y?
7
Let z(k) be the third derivative of -k**6/120 - k**5/30 - k**4/3 - k**3 + 34*k**2 - 1. What is the units digit of z(-5)?
9
Let c be (-9 + 9)/(3 + 0). Suppose 6*t - 11*t + 10 = c. Let a(p) = 8*p**3 + 4*p**2 - 8*p + 7. What is the tens digit of a(t)?
7
Suppose 3*z - 8 = j, -4*z + 5 + 12 = 5*j. Suppose -z*k - 3*g + 18 = 0, 3*k + 7 + 15 = 5*g. What is the units digit of 0 - k - -1*92?
1
Let l(a) = -5 + 50*a**3 - 99*a**3 + 52*a**3 - 45*a**2. What is the hundreds digit of l(16)?
7
Suppose -27*m - 33*m + 1606380 = 0. What is the tens digit of m?
7
Let v be (0 - 1)*(-4 + 4). Suppose 9*b - 2347 - 1415 = v. What is the units digit of b?
8
Suppose 5*l - 4*a = -2893 + 21897, 2*l - 7592 = 4*a. What is the hundreds digit of l?
8
Suppose 0 = -1686*p + 1716*p - 656910. What is the thousands digit of p?
1
Suppose -73190 = 559*g - 569*g. What is the tens digit of g?
1
Let g(q) = 4*q**2 + 31*q**2 + 10 - 7*q**2 - q**2. What is the tens digit of g(3)?
5
Suppose -6*y - 1 + 13 = 0. Suppose -3*p - y*j + 2618 = 0, -2*p + 3*j = p - 2628. What is the hundreds digit of p?
8
Let t(w) = 12*w**2 - w + 920. What is the hundreds digit of t(-28)?
3
Let q be 20/(-16) + 4/16. Let y be q/2*80/5. What is the units digit of 198/7 - y/(-28)?
8
Let t be (-1)/((-40)/(-165855)) + (-24)/(-64). Let h = 6292 + t. What is the thousands digit of h?
2
Let n = 43 + -40. Suppose 0 = -n*s + 1430 + 1108. What is the units digit of s?
6
Suppose 0 = -b - 5*i + 160, 2*b - 310 = -5*i - 0*i. Let o = -524 + 785. Let g = o - b. What is the tens digit of g?
1
Let q = 18 + -18. Suppose -3*g + 20*g - 1309 = q. What is the units digit of g?
7
Suppose 0 = -162*k + 159*k + 2*o + 127944, -2*k + 85295 = -o. What is the ten thousands digit of k?
4
Let u(c) = 207*c**2 - 87*c - 72. What is the tens digit of u(6)?
5
Suppose -282*w - 16973 = -293*w. What is the units digit of w?
3
Let m = 17275 + 27635. What is the ten thousands digit of m?
4
Let t(f) = f**3 + 22*f**2 - 25*f + 118. What is the thousands digit of t(14)?
6
Let m = 40 - 40. Suppose -x - 709 = -p - 2*x, -5*p - 4*x + 3543 = m. What is the units digit of p?
7
Let a(b) = -4*b**2 - 9*b + 13. Let g be a(-3). What is the hundreds digit of ((-8406)/(-24) + 0)*g?
4
Suppose -611*l + 258697 = -591*l - 633063. What is the hundreds digit of l?
5
Suppose -97*k + 5*v + 26855 = -93*k, -2*v = -4*k + 26846. What is the hundreds digit of k?
7
Let s = -427 - -430. Let a be (3 - 2)/((-1)/(-182)). Suppose 5*q + a = 4*o, o + 1 - 55 = -s*q. What is the units digit of o?
8
Suppose 17427 = 5*k + 4*n, 5*k - 25753 = -5*n - 8328. What is the thousands digit of k?
3
Let k(u) = u**3 - 6*u**2 + 6*u + 5. Let b be k(-5). Let o = 491 + b. What is the tens digit of o?
9
Let a be -3*((-8)/4 - 2). Let x = a - 10. Suppose 2*u + 132 = x*v, 309 = 5*v - 3*u + 5*u. What is the units digit of v?
3
Suppose -3*p - 2*w = -p - 52, -4*p + 104 = -w. Let u = p - 21. Suppose -232 = u*a - 9*a. What is the tens digit of a?
5
Let i(b) = -119*b**3 + 3*b**2 - 21*b - 55. Let g be i(-3). Suppose -7*o = -1120 - g. What is the hundreds digit of o?
6
Let n = 71991 + -47979. What is the hundreds digit of n?
0
Let s(j) = -5495*j + 78. What is the hundreds digit of s(-2)?
0
Suppose 183*v - 33*v - 378300 = 0. What is the tens digit of v?
2
Let s = 1019 + -419. Let y = s + -421. What is the units digit of y?
9
Suppose 831600 - 1516651 = -135*y + 3474974. What is the ten thousands digit of y?
3
Let t(q) = 21*q + 33. Let w(k) = k**2 + 47*k + 183. Let r be w(-4). What is the tens digit of t(r)?
6
Let w(m) = -479*m**3 + m**2 - 9*m - 9. Let r be (-8)/(-64) - 4/((-64)/(-18)). What is the tens digit of w(r)?
8
Suppose 5*q - 140 = -5*s, -18*s + 20*s = 6. Suppose -1367 = q*t - 11792. What is the units digit of t?
7
Let l(q) = 3690*q - 1955. What is the thousands digit of l(4)?
2
Let d(z) = 553*z + 285. What is the thousands digit of d(13)?
7
Let w(v) = 2958*v**2 - 553*v - 3. What is the units digit of w(-3)?
8
Let n = 6828 + 10588. What is the ten thousands digit of n?
1
Let q be (-1 - -2) + (-12 - -21) + -5. Suppose -g = -5*y + 2108, 0 = q*y - g + 5*g - 2093. What is the units digit of y?
1
Let b(o) = 3*o**2 - 17*o + 56. Let a(g) = 7*g**2 - 35*g + 113. Let s(t) = -2*a(t) + 5*b(t). What is the units digit of s(17)?
8
Suppose 0 = -16*r + 3737 + 983. Let k = 216 + r. What is the hundreds di